{"id":14,"date":"2014-01-26T17:55:18","date_gmt":"2014-01-26T17:55:18","guid":{"rendered":"http:\/\/yannetcie.wordpress.com\/?page_id=14"},"modified":"2026-04-08T12:08:20","modified_gmt":"2026-04-08T12:08:20","slug":"horaire","status":"publish","type":"page","link":"https:\/\/yannetcie.com\/?page_id=14","title":{"rendered":"HORAIRE"},"content":{"rendered":"<h1 style=\"text-align: left;\">Yann et Cie<\/h1>\n<h1 style=\"text-align: left;\">EST OUVERT \u00c0 L&rsquo;ANN\u00c9E<\/h1>\n<h1 style=\"text-align: left;\">MERCREDI au VENDREDI<\/h1>\n<h1 style=\"text-align: left;\"><span style=\"color: #ff0000;\">10:00 \u00e0 18:00 hrs <\/span><\/h1>\n<h1 style=\"text-align: left;\">ET<\/h1>\n<h1 style=\"text-align: left;\">LE SAMEDI:<\/h1>\n<h1 style=\"text-align: left;\"><span style=\"color: #ff0000;\">10:00 \u00e0 17:30 hrs<\/span><\/h1>\n<h1 style=\"text-align: left;\">Adresse:<\/h1>\n<h1 style=\"text-align: left;\">1065 route 117<br \/>\nVal-David<br \/>\nJ0T-2NO<\/h1>\n<p>Texte: 819-325-0712<\/p>\n","protected":false},"excerpt":{"rendered":"<p>Yann et Cie EST OUVERT \u00c0 L&rsquo;ANN\u00c9E MERCREDI au VENDREDI 10:00 \u00e0 18:00 hrs ET LE SAMEDI: 10:00 \u00e0 17:30 hrs Adresse: 1065 route 117 Val-David J0T-2NO Texte: 819-325-0712<\/p>\n","protected":false},"author":1,"featured_media":0,"parent":0,"menu_order":0,"comment_status":"closed","ping_status":"open","template":"","meta":{"footnotes":""},"_links":{"self":[{"href":"https:\/\/yannetcie.com\/index.php?rest_route=\/wp\/v2\/pages\/14"}],"collection":[{"href":"https:\/\/yannetcie.com\/index.php?rest_route=\/wp\/v2\/pages"}],"about":[{"href":"https:\/\/yannetcie.com\/index.php?rest_route=\/wp\/v2\/types\/page"}],"author":[{"embeddable":true,"href":"https:\/\/yannetcie.com\/index.php?rest_route=\/wp\/v2\/users\/1"}],"replies":[{"embeddable":true,"href":"https:\/\/yannetcie.com\/index.php?rest_route=%2Fwp%2Fv2%2Fcomments&post=14"}],"version-history":[{"count":43,"href":"https:\/\/yannetcie.com\/index.php?rest_route=\/wp\/v2\/pages\/14\/revisions"}],"predecessor-version":[{"id":602,"href":"https:\/\/yannetcie.com\/index.php?rest_route=\/wp\/v2\/pages\/14\/revisions\/602"}],"wp:attachment":[{"href":"https:\/\/yannetcie.com\/index.php?rest_route=%2Fwp%2Fv2%2Fmedia&parent=14"}],"curies":[{"name":"wp","href":"https:\/\/api.w.org\/{rel}","templated":true}]}}